(-2)/j. Suppose u = -2*f + 5*c + 28, -3*f = -f + 5*c - 8. What is the units digit of f?
9
Let s be 2*31*(-1)/(-2). Let q = s + -19. What is the units digit of q?
2
Let f be 1*0/(2 + -1). Suppose f*p + 8 = 4*u + 2*p, 3*p + 4 = 2*u. Suppose 2*z + u*z = 2*r + 6, 0 = 3*z - 5*r + 13. What is the units digit of z?
4
Let w = -49 + 74. What is the units digit of w?
5
Let v(b) = 4*b**2 - 2*b + 1. Let m(k) = k + 2. Let z(q) = -q**2 - 13*q + 14. Let y be z(-14). Let j be m(y). What is the tens digit of v(j)?
1
Let n(f) = -6*f + 3. Let k(i) = i - 1. Let c(v) = 5*k(v) + n(v). What is the units digit of c(-7)?
5
Suppose -4*m - 23 = -3. Suppose 0 = 4*h + 7 + 9. Let u = h - m. What is the units digit of u?
1
Let p be ((-63)/6)/((-3)/(-4)). Let o = p + 29. What is the units digit of o?
5
Let q(r) = 8*r. What is the units digit of q(1)?
8
Let a = 11 + -8. Suppose -2*b = -2*o + 34, -a*o + 2*o = 4*b - 2. What is the tens digit of o?
1
Let d(v) = -41*v - 1. Let t be d(1). Let i = -1 + -1. What is the units digit of (54/63)/(i/t)?
8
Let u be (4*1)/((-5)/(-65)). Let s = u + -23. What is the units digit of s?
9
Let r be ((-4)/(-6))/((-4)/(-18)). Suppose 4*f - 2*p = 2*p + 56, r*p = f - 6. What is the tens digit of f?
1
Suppose -3*t = 2*t - 95. What is the tens digit of t?
1
What is the tens digit of 182/56*(-1 + 25)?
7
What is the units digit of (124/(-6))/(10/(-15))?
1
Suppose -16 = -3*j - 5*c, 0*j - 2*c = 3*j - 10. Let z(r) = -17*r**2 + 2 - 2*r - 11*r**2 + 33*r**2. What is the tens digit of z(j)?
1
Let r(p) = p**3 + p**2 + p + 14. Let s be r(0). Suppose t + 0*t - s = 0. What is the units digit of t?
4
Suppose -i + 3*t + 3 + 15 = 0, -4*i + 2*t + 32 = 0. Let f = 5 + i. Suppose 2*c + 61 + f = 4*b, 0 = 2*b - 5*c - 28. What is the tens digit of b?
1
Let c(w) = -5*w**3 + w**2 - 1. Suppose -2*f = -4*f - 2. Let a be c(f). Suppose -a*o = -4*o - 19. What is the units digit of o?
9
Let a(m) = -m**3 + 14*m**2 - 12*m - 8. Let p be a(13). Let l = 1 + p. What is the units digit of l?
6
Let m be (-8)/12 + (-11)/(-3). Suppose a = -m*a + 8. Suppose -a + 1 = -k. What is the units digit of k?
1
Let y = -136 - -313. What is the tens digit of y?
7
Suppose 0*j + 2*j + 5*s - 150 = 0, -2*s = 0. What is the units digit of j?
5
Suppose -2*r + 66 - 8 = 0. What is the units digit of r?
9
Let k = 435 - 295. What is the units digit of k?
0
Suppose 0 = -4*l + 2*l + 40. What is the units digit of l?
0
Let a = -29 - -30. What is the units digit of a?
1
Let g be 0 + -2*(-2 + 1). Let r be (-1)/g + 10/4. Suppose -r*x + 4 = 2*x. What is the units digit of x?
1
Let k = 5 + -3. Let s = 2 + k. Let c = 7 - s. What is the units digit of c?
3
Let y = -5 + 15. Suppose -2*k - y = -4*p - 0*k, k = p - 3. Suppose -m - p = -3. What is the units digit of m?
1
Suppose -u + 4*u = 159. What is the units digit of u?
3
Let i = -85 + 132. What is the tens digit of i?
4
Suppose 3 = -3*t - 9. Let d = 4 + t. Suppose -3*n + 3*j + 9 = 0, d = 3*n - 0*j + 3*j - 9. What is the units digit of n?
3
Let i(f) = -f**3 + 4*f**2 + 4*f - 1. Let p be i(5). Let g(l) = -l**3 - 6*l**2 - 4*l - 2. What is the units digit of g(p)?
2
Suppose -3*r = -3, -5*l - 14 + 36 = -3*r. What is the units digit of (-3 + 96/20)*l?
9
Let p(o) = 9*o**3 + 2*o - 56*o**2 + 56*o**2 - 1. What is the tens digit of p(1)?
1
What is the tens digit of 254/10 + 4/(-10)?
2
Let c = 20 + -13. Let x = 16 - c. What is the units digit of x?
9
Suppose 2*d - 341 = -h - d, d + 333 = h. What is the units digit of h?
5
Suppose v = -3*v + 72. Suppose 2*w = -2*z - 18, 0*z + w - 46 = 4*z. Let r = z + v. What is the units digit of r?
7
What is the tens digit of -5 + (5 - 4) + 213?
0
Let t(w) = -4 + 2 + w**2 - 2*w + 6 + w**3 + w. What is the units digit of t(0)?
4
Suppose 4*l - 60 + 4 = 0. What is the tens digit of l?
1
Let v(q) = -8*q**3 - q**2 + 2*q + 1. What is the units digit of v(-2)?
7
Suppose -7*f = -5*f - 8. Let s = f + 6. What is the units digit of s?
0
Let k(w) = 2*w - 1. Let u be k(2). Suppose -u*a + 7*a - 3*j - 79 = 0, -3*a - j = -56. What is the tens digit of a?
1
Let k(a) = a - 4*a**3 + 5*a**3 + a**2 + 5*a**2 - 5. What is the units digit of k(-4)?
3
Let g(u) = -4*u**3 - 2*u**2 + 1. Let s = -4 + 2. What is the units digit of g(s)?
5
Let k(f) = 9*f + 74. What is the tens digit of k(-7)?
1
Suppose 0 = v - 1, -5*a + v = -3*v - 266. What is the tens digit of a?
5
Suppose 2*b - 3*i - 39 = 0, -3*i + 6 - 15 = 0. Suppose 2*q + b = u - 2*q, 0 = -3*u + 2*q + 25. What is the units digit of u?
7
Let b be (3 + -13)*(-6)/(-4). Let q be b/(-10)*(1 - 3). What is the units digit of (-4)/(((-12)/(-10))/q)?
0
What is the units digit of 1600/6 + 6/(-9)?
6
Suppose -5*v + 15 + 20 = 0. Let c(b) = 5*b + 6. Let j(x) = 9*x + 11. Let d(p) = v*c(p) - 4*j(p). What is the units digit of d(-5)?
3
Let m(q) = -q**3 + 2*q**2 + 3*q - 1. Let i be m(4). What is the units digit of (-56)/i*(-3)/(-1)?
8
What is the tens digit of 16/(-72) - (5757/(-27) - -3)?
1
Suppose 0 = -14*q + 9*q + 210. What is the tens digit of q?
4
Let q(v) = 2*v + v**3 + 5*v**2 + 0*v**3 - 4*v - 7. Let j = 0 + -5. What is the units digit of q(j)?
3
Let n = 5 + 1. Suppose n = -4*g - 54. What is the units digit of (-2)/3*g/2?
5
Let g(v) = 11*v**2 + 3*v + 3. Let s be g(-3). Suppose 5*d = 3*i + s, -2*d - 2*i = -3*d + 20. Let w = d + -5. What is the units digit of w?
3
Let p(h) = -3 - 4*h**2 + h + 5*h**2 - 3*h. What is the units digit of p(4)?
5
Suppose 4*z - 28 = m, -16 - 12 = -3*z - m. Let q = z + -3. Suppose u - 4 = q. What is the units digit of u?
9
Let v = 62 - 43. What is the tens digit of v?
1
Suppose 26 = 2*g - 54. What is the units digit of g?
0
Let b be (-2 + 4)/(-1)*-1. Let k be 8/3 - b/3. Suppose g - k = -g. What is the units digit of g?
1
Let z = 9 + -5. Suppose -60 = z*p - 164. Let d = 37 - p. What is the units digit of d?
1
Suppose -52 - 28 = 4*m. What is the units digit of (5/m)/((-2)/152)?
9
Let a = -64 - -91. Let i = a - 17. What is the units digit of i?
0
Suppose 3*a - 12 = 0, -4*i + 5*a = a - 212. What is the units digit of i?
7
Let a be (-910)/(-15) - 4/6. Let t = a + -33. What is the units digit of t?
7
Suppose -2*y - 10 = 3*q - 7*q, 0 = 5*y + q - 30. What is the units digit of y?
5
Let g(b) = -5*b - 1. Let t be g(-1). Suppose -2*d = w - 44, -t*w + 2*d + 100 = -96. What is the tens digit of w?
4
Let p be (5/(-2) - -2)*-8. Let c = p + -1. Suppose 2*m + 54 = 6*m + t, 4*t - 47 = -c*m. What is the tens digit of m?
1
Let j(d) = -d**2 + 6*d - 6. Suppose -2*c = -4*p - 12, p + 5 = -4*p. Let h be j(c). Suppose 5*u - 44 = -3*y, -h*u + 4*y + 2 = -0*y. What is the units digit of u?
7
Let i(u) = 3*u**2 - 7*u - 37. What is the hundreds digit of i(-8)?
2
Let m(l) = -l**3 + 6*l**2 - 3*l + 5. What is the tens digit of m(4)?
2
Let s = 43 - 22. What is the tens digit of s?
2
What is the units digit of 2/(-14) - 1746/(-21)?
3
Suppose 3*p - 2*p = 0. What is the units digit of 10 + p - 15/5?
7
Let m(j) = 9*j**2 - 2*j + 8. What is the units digit of m(-4)?
0
Let s(k) = -k**3 + 3*k**2 - 3*k + 1. Let b be s(2). Let y be (-14 + 0)*(b - 0). Suppose 2*r - 22 = -3*j, 0 = -2*r - j - 0 + y. What is the units digit of r?
5
Let c(t) be the second derivative of -t**3/3 + 2*t**2 - 4*t. Let f(w) = 2*w - 5. Let n(u) = 3*c(u) + 4*f(u). What is the units digit of n(6)?
4
What is the tens digit of (-4 - -32) + 0 + 1?
2
Suppose -c - b - 2*b = -78, c - 3*b - 102 = 0. What is the units digit of c?
0
Suppose 8*u = 11*u - 3. What is the units digit of u?
1
Suppose -c = c - 2. Suppose 0 = l - 2*r + 37, c = 3*r - 11. Let z = -16 - l. What is the units digit of z?
3
Let t(o) = -6*o - 1. Let y be t(-1). Suppose 500 = y*s - 4*u + 16, -3*s - 3*u = -285. What is the tens digit of (s/(-40))/((-1)/5)?
1
Suppose n = -n + 32. What is the tens digit of n?
1
Let u(o) = 5*o. Let v be u(1). Let m = v + -3. Suppose -m*r + 4*f = -3*r - 9, -r + 2*f + 15 = 0. What is the units digit of r?
7
Let u(i) = -i**2 + 11. Suppose 0 = -4*f + d - 2, -5*f + 5*d - 2*d - 6 = 0. What is the units digit of u(f)?
1
Let r(m) = 3*m + 3. Let j be r(-5). Let n = 3 - j. What is the units digit of n?
5
Suppose 3*l - 13 - 2 = 0. Suppose l*b = 20 + 10. What is the units digit of b?
6
Let f be 6/(-5 - -3) + -20. Let u = -60 - f. What is the tens digit of 7/14 + u/(-2)?
1
Let v = 67 + -1. What is the tens dig